-991
Let g(n) = 7*n + 57. Give g(25).
232
Let p(c) = 5*c**3 + 1230*c**2 - 4*c - 996. Calculate p(-246).
-12
Let r(n) = 23*n + 91. Determine r(4).
183
Let u(y) = 108*y**2 + 16*y - 88. Determine u(3).
932
Let s(g) = 2*g**2 + 5*g - 107. Calculate s(-14).
215
Let z(j) = -580*j + 15662. Give z(27).
2
Let y(f) = -12*f**2 + 34*f + 105. What is y(6)?
-123
Let t(m) = m**3 + 16*m**2 + 35*m + 9. Determine t(-13).
61
Let p(h) = -h**2 + 34*h - 64. Calculate p(33).
-31
Let d(i) = 9*i + 84. What is d(7)?
147
Let a(v) = 10*v - 7. What is a(5)?
43
Let p(c) = -20*c + 256. Determine p(15).
-44
Let o(z) = -4*z**2 - 171*z - 181. Determine o(-42).
-55
Let p(a) = -48*a - 296. Give p(-6).
-8
Let j(m) = 2*m**3 - 55*m**2 + 36*m - 272. Calculate j(27).
-29
Let d(p) = -62*p**2 - 505*p - 71. Give d(-8).
1
Let z(w) = 39*w**3 + w**2 - 6*w + 5. Determine z(1).
39
Let z(f) = -f**3 - 43*f**2 + 45*f + 61. Give z(-44).
17
Let g(u) = -33*u**3 - 1847*u**2 + 56*u + 4. Determine g(-56).
4
Let v(g) = 2*g**3 - 34*g**2 - 172*g + 93. Determine v(21).
9
Let k(c) = -11*c**2 - 112*c - 22. What is k(-10)?
-2
Let h(x) = 1082*x - 18378. What is h(17)?
16
Let v(m) = 339*m - 299. What is v(1)?
40
Let i(n) = n**2 - 2*n - 35. Give i(-15).
220
Let r(u) = -2*u**3 - 42*u**2 - 185*u - 66. Calculate r(-15).
9
Let j(f) = 2*f**2 - 158*f + 605. Determine j(75).
5
Let v(d) = d**2 - 28*d + 38. What is v(-10)?
418
Let r(w) = -w**2 - 6*w - 57. Give r(-6).
-57
Let x(q) = -100*q - 1031. What is x(-11)?
69
Let n(j) = -j**3 + 50*j**2 - 617*j + 30. Determine n(28).
2
Let v(l) = -l**2 - 29*l + 387. Give v(-29).
387
Let p(a) = -9*a**2 + 15*a + 65. Give p(-5).
-235
Let l(q) = -2*q**2 + 60*q - 99. Calculate l(28).
13
Let v(z) = z**2 + 131*z + 3232. Determine v(-33).
-2
Let g(i) = -i**3 + 38*i**2 - 330*i + 249. Calculate g(12).
33
Let k(v) = -105*v + 63. Give k(0).
63
Let r(l) = 10*l**2 + 74*l + 11. Give r(-8).
59
Let f(d) = -d**3 - d**2 + 148*d + 17. Determine f(0).
17
Let i(g) = -231*g - 4505. What is i(-20)?
115
Let c(a) = a**3 + 19*a**2 + 130*a + 570. Calculate c(-12).
18
Let f(n) = -13658*n + 40962. Calculate f(3).
-12
Let v(a) = -6*a**3 - 6*a**2 + 2*a + 8. Calculate v(4).
-464
Let m(l) = 76*l + 1416. Give m(-5).
1036
Let d(m) = 13*m - 568. Determine d(43).
-9
Let j(y) = -994*y - 2917. Calculate j(-3).
65
Let f(u) = -34*u**2 - 25*u - 9. Determine f(2).
-195
Let x(c) = -c**3 + 3*c + 2. What is x(4)?
-50
Let j(a) = -2*a. Give j(-29).
58
Let n(a) = a**3 - 54*a**2 + 573*a + 183. Give n(15).
3
Let h(k) = k**2 - 12*k + 81. Give h(6).
45
Let j(x) = -38*x - 3575. Give j(-94).
-3
Let r(g) = 142*g**2 - 29*g + 27. Give r(1).
140
Let f(a) = -12*a**2 + 215*a + 192. Calculate f(19).
-55
Let i(v) = 9*v**2 - 219*v - 84. What is i(24)?
-156
Let j(l) = -l**3 + 14*l**2 - 36*l + 581. What is j(14)?
77
Let v(c) = 89*c**3 + c**2 - 117*c + 227. Determine v(2).
709
Let m(u) = u**2 + 2400*u + 11989. Calculate m(-5).
14
Let j(n) = 3*n**2 - 28*n - 60. Give j(11).
-5
Let l(a) = -25*a - 65. Give l(6).
-215
Let w(s) = -4*s**2 - 80*s - 400. Calculate w(-10).
0
Let u(y) = 23*y**2 - y + 14. Determine u(3).
218
Let h(x) = 39*x + 1788. What is h(-41)?
189
Let z(d) = d**3 + 36*d**2 - 160*d + 151. Determine z(-40).
151
Let z(q) = 2*q**2 - 260*q + 4382. Give z(20).
-18
Let c(k) = 74*k - 1931. Calculate c(26).
-7
Let t(z) = -478*z + 6190. Calculate t(13).
-24
Let b(q) = 2*q**3 + 25*q**2 + 4*q + 9. Give b(-13).
-212
Let r(z) = 15*z - 252. What is r(18)?
18
Let v(r) = -18*r**2 - 2001*r - 296. Determine v(-111).
37
Let k(z) = -3*z**2 - 42*z - 71. Give k(-11).
28
Let v(m) = m**3 + 6*m**2 + 30*m + 285. Calculate v(-7).
26
Let m(w) = -2*w**2 + 34*w + 3646. Give m(52).
6
Let x(t) = -t**3 - 14*t**2 + 17*t - 82. Calculate x(-16).
158
Let n(g) = -11*g**3 - 211*g**2 - 40*g - 56. Calculate n(-19).
-18
Let v(t) = 2468*t - 34547. Calculate v(14).
5
Let a(v) = -44*v - 822. Determine a(-18).
-30
Let o(h) = h**2 - 409*h + 5166. What is o(13)?
18
Let g(j) = -2*j**2 - 306*j - 28. Calculate g(0).
-28
Let w(c) = -1408*c + 118259. Give w(84).
-13
Let o(u) = 75*u**2 + 75*u - 73. Calculate o(1).
77
Let z(q) = -4*q**2 - 43*q - 25. Give z(-11).
-36
Let q(y) = -2*y**2 + 15*y + 157. Determine q(9).
130
Let q(s) = -13*s + 38. Determine q(3).
-1
Let a(b) = 288*b - 2547. Give a(9).
45
Let o(f) = -3*f**3 + 119*f**2 + 22*f + 589. Give o(40).
-131
Let j(o) = -o**3 - 34*o**2 - 27*o + 180. Give j(-33).
-18
Let c(i) = -341*i - 3057. Give c(-9).
12
Let z(n) = -n**3 - 12*n**2 + 152. Determine z(-9).
-91
Let v(u) = 3*u**2 - 90*u + 16. Give v(28).
-152
Let o(z) = 4*z**2 + 325*z + 29. Calculate o(-80).
-371
Let t(v) = -v**3 - 5*v**2 + 6*v + 2. What is t(3)?
-52
Let n(f) = 11*f**2 - 383*f - 457. What is n(36)?
11
Let p(h) = 43*h + 2419. Determine p(-53).
140
Let s(o) = 290*o + 1824. What is s(-7)?
-206
Let h(z) = 7*z**2 - 133*z + 3. Determine h(19).
3
Let f(b) = -504*b - 1013. Give f(-2).
-5
Let m(h) = -h**3 - 12*h**2 - 15*h + 9. Calculate m(-10).
-41
Let z(y) = -58*y - 1225. Calculate z(-20).
-65
Let c(y) = -75*y + 5016. Determine c(67).
-9
Let t(q) = 141*q + 20299. Determine t(-144).
-5
Let z(p) = 58*p**2 + 133*p - 57. Calculate z(-3).
66
Let n(p) = -97*p + 111. What is n(0)?
111
Let m(c) = c**2 + 218*c - 637. Give m(3).
26
Let n(f) = -61*f + 3224. Give n(53).
-9
Let f(x) = x**2 - 146*x + 3439. Give f(29).
46
Let n(x) = -x**3 + 384*x**2 - 1144*x + 386. Give n(381).
5
Let l(r) = -2*r**3 - 3*r**2 - 14*r - 12. Calculate l(-4).
124
Let l(y) = 285*y + 6838. Determine l(-24).
-2
Let b(z) = -174*z + 2253. What is b(12)?
165
Let a(d) = d**2 + 162*d + 937. Calculate a(-6).
1
Let z(r) = 3*r**2 - 18*r - 648. Calculate z(-16).
408
Let v(a) = -56*a - 3103. What is v(-56)?
33
Let n(v) = 2*v**3 + v**2 + 11*v + 18. Give n(-2).
-16
Let x(i) = 8*i**3 - 22*i**2 - 99*i + 37. What is x(-4)?
-431
Let x(c) = 6*c**2 - 10*c - 212. Determine x(-8).
252
Let l(m) = -1711*m - 11971. Determine l(-7).
6
Let i(m) = 383*m + 774. Calculate i(-2).
8
Let n(o) = -2*o**3 + 13*o**2 + 38*o - 18. What is n(8)?
94
Let o(f) = -f**2 - 42*f - 370. Calculate o(-28).
22
Let p(h) = -h**3 - 3*h**2 + 6*h - 48. Determine p(-6).
24
Let x(o) = o**2 + 257*o + 14783. Give x(-87).
-7
Let y(o) = 51*o - 1633. Give y(32).
-1
Let w(v) = 8*v**2 - 17*v + 26. What is w(5)?
141
Let y(a) = 4*a**2 - 4308*a - 12954. Determine y(-3).
6
Let k(w) = 3*w**2 - 15*w + 26. Calculate k(4).
14
Let d(b) = -b**3 - 12*b**2 - 28*b + 1. Give d(-9).
10
Let b(c) = 47*c + 1228. What is b(-26)?
6
Let y(t) = t**3 + 113*t**2 - 12*t - 1346. What is y(-113)?
10
Let d(z) = -z**3 - 13*z**2 + 45*z + 241. Calculate d(-15).
16
Let r(k) = 502*k - 33605. Determine r(67).
29
Let r(v) = v**3 - 53*v**2 - 163*v + 11174. Give r(52).
-6
Let y(d) = 554*d**2 - 7*d - 8. What is y(-1)?
553
Let o(i) = -82*i + 225. Determine o(2).
61
Let y(j) = -2*j**2 + 11*j + 153. Determine y(-10).
-157
Let g(u) = -u**3 + 11*u**2 - 12*u + 19. Calculate g(11).
-113
Let b(m) = 12*m**2 + 751*m + 2542. Give b(-59).
5
Let h(z) = 1838*z + 14707. Give h(-8).
3
Let d(c) = -14*c - 400. Determine d(-27).
-22
Let s(o) = -2*o**2 + 16*o + 58. Calculate s(-3).
-8
Let p(z) = 25*z + 1194. Give p(-45).
69
Let b(i) = -i**3 - 4*i**2 + 14*i + 67. Determine b(-4).
11
Let b(k) = -k**3 - 42*k**2 - 74*k + 1682. What is b(-39)?
5
Let v(w) = -179*w. Calculate v(0).
0
Let b(v) = -83*v + 2997. Determine b(36).
9
Let k(s) = -2*s**3 + 106*s**2 - 117*s + 647. Calculate k(52).
-29
Let b(o) = 5*o + 75. Give b(-17).
-10
Let x(m) = m**3 + 34*m**2 + 187*m - 64. Determine x(-27).
-10
Let o(z) = -2*z**3 - 23*z**2 + 29*z + 183. Calculate o(-12).
-21
Let h(j) = j**3 + 4*j**2 - 40*j - 137. What is h(-4)?
23
Let h(r) = -r**2 - 154*r - 906. Calculate h(-6).
-18
Let o(l) = l - 13. Give o(3).
-10
Let t(m) = 166*m + 1004. Give t(-7).
-158
Let d(g) = 10*g**2 - 65*g + 8. What is d(9)?
233
Let s(x) = x**3 - 50*x**2 + 304*x - 8. Calculate s(6).
232
Let l(b) = -216*b - 1695. What is l(-8)?
33
Let k(r) = 2*r**3 - 2*r**2 - 17*r + 30. Give k(3).
15
Let h(r) = -r**3 - 41*r**2 - 130*r + 670. Calculate h(-37).
4
Let g(z) = 3*z**2 - 151*z - 138. Determine g(0).
-138
Let p(l) = 2*l + 426. Determine p(25).
476
Let d(v) = -2*v**3 - 10*v**2 - 7*v - 1. Give d(-5).
34
Let a(c) = 21*c - 285. Give a(7).
-138
Let w(p) = -p - 40. Calculate w(5).
-45
Let v(q) = -447*q - 21012